uppose 4*o - 145 = -169. What is the tens digit of (28/o)/(-11 - (-11710)/1065)?
9
Let g = 218 - 216. What is the tens digit of (75/(-10) - -6) + 43/g?
2
Let k(t) = -2*t**2 + 340*t + 161. What is the tens digit of k(78)?
1
Suppose -55*y + 70 = -20*y. Let p(b) = 3*b**2 + 7*b + b - 3 - 6*b. What is the units digit of p(y)?
3
Let s(w) = w**3 + 2*w**2 - 2*w + 2. Let x be s(0). Suppose -4*l = r - 517, -4*r - l + 2119 = -x*l. What is the tens digit of r?
2
Suppose 0 = -4*z - 0*d + d - 338, d - 253 = 3*z. Let c be (-172)/10 - 17/z. What is the tens digit of (41 + c)*(-90)/(-8)?
7
Let j(w) = 3*w**2 - 23*w + 13. Let u(a) = a - 16. Let n be u(15). Let q(y) = -11*y**3 - 2*y - 3. Let f be q(n). What is the tens digit of j(f)?
8
Let f(v) = 3*v**3 - 15*v**2 - 39*v. Let j be f(8). What is the tens digit of (22 + 1)/((-6)/j*-11)?
9
Let i(k) = k**3 - 2*k**2 - 35*k + 2. Let l be i(7). Suppose l*o + 984 = 2*p, 5*p - 5*o = 6*p - 522. What is the hundreds digit of p?
4
Let i(b) = 10*b**2 - 28*b - 69. What is the tens digit of i(23)?
7
Suppose 0 = -4*t + 6 + 10. Let y(j) = 22*j - 1. Let f be y(t). Suppose 3*b - f = 54. What is the units digit of b?
7
Suppose 5*i - 3745 = 5*d, 0 = -i - 3*d - 115 + 868. Let t = 2315 - i. What is the hundreds digit of t?
5
Let t = -4785 - -9095. What is the hundreds digit of t?
3
Let h(y) = 11*y - 140. Let a be h(13). Suppose a*k - 14 - 727 = l, k - 5*l = 261. What is the tens digit of k?
4
Suppose -38 = -3*f - k, -13*f = -17*f + 3*k + 68. Suppose f*w = 27*w - 4511. What is the hundreds digit of w?
3
Suppose -10 = -3*o + 2*s, 2*o - 4 = -3*o - 3*s. Suppose -2*u + 2*i - 1809 = -7*u, -2*u + 5*i + 712 = 0. What is the units digit of (u - -1)*o/4?
1
Let a(t) = -15*t - 31. Let u be a(6). Let s = -97 - u. Suppose -204 = 22*y - s*y. What is the units digit of y?
2
Suppose 3*j + 3*b = 12084, 2*j - 2907 = 4*b + 5173. Suppose -6*t = 3*t - j. What is the units digit of t?
8
Let i(y) = 2*y + 2. Suppose -3*s + 18 + 3 = 0. Let q be i(s). Suppose q*m - 15*m = 38. What is the units digit of m?
8
Suppose 0 = 6*y + 24, 0 = v + 4*v + 3*y + 1592. Let c = 1278 + v. What is the hundreds digit of c?
9
Suppose 4*q - j = -35, 2*q - j + 4 + 13 = 0. Suppose 9*y - 14 = -14. What is the hundreds digit of 659/5 + y + q/(-45)?
1
Suppose -3*q + 138*q - 10*q - 3353625 = 0. What is the units digit of q?
9
Suppose 601*d - 10113926 = 428*d. What is the units digit of d?
2
Suppose 0*m - 23 = -3*y - 2*m, 0 = -3*m - 15. Let u(z) = 16*z - 573. Let a be u(36). Suppose a*v = -2*w + 79, -v + y = 5*w - 219. What is the tens digit of w?
4
Let a(d) = -5*d + 24*d - 360*d**3 - 15*d + 3. What is the units digit of a(-1)?
9
Suppose 4*z + 4*p - 28 = 0, 2*z - 36 = -5*p - 7. Suppose 1158 = z*r + 4*b, 0 = -r - 2*b + 3*b + 576. What is the hundreds digit of r?
5
Suppose -3*g - 587 = 79. Suppose 3*j - 3*m - 130 = 860, -2*j + 3*m = -659. Let t = j + g. What is the hundreds digit of t?
1
Suppose 5*h - b = 35183, 0 = 182*h - 179*h - 5*b - 21123. What is the hundreds digit of h?
0
Let x(r) = -r**2 - 37*r + 19. Suppose 68 - 17 = -3*g. What is the tens digit of x(g)?
5
What is the tens digit of 6 + (-6 + -2 - 83301/(-3))?
6
Let w(o) = o**2 + o - 1. Let t(v) = 5*v**2 + 27*v - 1. Let i(s) = t(s) - 6*w(s). Let q(d) be the first derivative of i(d). What is the units digit of q(-8)?
7
What is the hundreds digit of ((-440)/(-120))/((-4301)/2151 + 2)?
8
Let m(o) = 5*o - 17. Let b be m(14). Let d = 42 + b. Suppose -9*w + d = -220. What is the tens digit of w?
3
Let x = 24 - 22. Suppose -x*z + 3*z = 3*o + 141, 5*z - 2*o = 666. Let g = z + -9. What is the units digit of g?
3
Let v = 39 - -16. Suppose 0 = -58*g + v*g + 426. What is the tens digit of g?
4
Suppose 0 = w + d - 8146, -6*d = -d + 30. What is the units digit of w?
2
Let v(n) = -n**3 - 15*n**2 + 32*n + 24. Let k be v(-14). Let o = -374 - k. What is the tens digit of o?
4
Let y(t) = t**3 - 39*t**2 - 41*t + 44. Let v be y(40). Suppose v*h - u = 2958 + 3803, -3*h - 2*u = -5057. What is the units digit of h?
9
Let c(x) = -x**2 - 5*x + 11. Let i(s) = s**2 + 5*s - 11. Suppose p - 12 = -p. Let b(j) = p*i(j) + 5*c(j). What is the units digit of b(10)?
9
What is the hundreds digit of (-2 - -1)/((-3)/(1123350/10))?
4
Let c = 60290 - 34531. What is the thousands digit of c?
5
Let t be 2/(-3)*(-117)/6. Let u(p) = 3*p**2 - 14*p - 20. What is the tens digit of u(t)?
0
Suppose 2*o - 21*o = -27474. Suppose o = 17*d - 271. What is the units digit of d?
1
Let s(n) = 3 + 19 - 39*n + 51. What is the hundreds digit of s(-7)?
3
Suppose 25 - 53 = -2*c. Let z(h) = h**3 - 13*h**2 + 11*h + 12. What is the units digit of z(c)?
2
Suppose t - 55402 = -3*c, -10*t + 595395 = 4*c + 41531. What is the ten thousands digit of t?
5
Suppose 2*k + 5 = -3, 3*d = -k + 53. Suppose -d*j + 10*j + 6498 = 0. What is the hundreds digit of j?
7
Let r = -11909 - -26003. What is the units digit of r?
4
Let j = 4793 + 304. Suppose j = 21*n - 1413. What is the units digit of n?
0
Suppose -2*x - 113 = -5*m - 30, 4*m + 4*x - 44 = 0. Let h(a) = -21 + 34*a + 36 - m. What is the tens digit of h(3)?
0
Let h = -17671 - -25700. What is the tens digit of h?
2
Let n = 86793 + -33032. What is the hundreds digit of n?
7
Let k be (-468 - 1)*52/(-182). Suppose -824 = -2*t - s, 0 = -t - 3*s + k + 273. What is the tens digit of t?
1
What is the units digit of 8637/45*36/(-24)*6*-35?
9
Suppose 0*y = 4*y - 4*x + 6624, 2*x + 1641 = -y. Let n = y - -2570. What is the units digit of n?
9
Suppose 0 = -3*d - 5*d - 43999 + 137727. What is the ten thousands digit of d?
1
Let x be 89 - (-2)/((-16)/12)*-2. Suppose -97*y + x*y = -415. What is the tens digit of y?
8
Suppose -5*s = -231 - 4109. Suppose 0 = -7*m - 0*m + s. What is the tens digit of m?
2
Let h(w) = -8*w**3 - 43*w**2 + 49*w + 67. Let i(j) = -5*j**3 - 21*j**2 + 24*j + 34. Let m(c) = 3*h(c) - 5*i(c). What is the hundreds digit of m(24)?
6
Let m(w) = 685*w**3 + w**2 - w + 4. Let t(b) = 1370*b**3 + 2*b**2 - 2*b + 7. Let k(x) = 11*m(x) - 6*t(x). What is the units digit of k(-1)?
5
Let u = -2803 + 14020. What is the units digit of u?
7
Let v(x) = -10*x**3 - 2*x**2 - 3*x - 5. Let k(h) = 5*h**2 + 5 + 7*h - 318*h**3 + 4 + 338*h**3. Let b(r) = -3*k(r) - 5*v(r). What is the units digit of b(-2)?
0
Let k(v) = 4465*v - 4 - 4369*v + 47. What is the hundreds digit of k(2)?
2
What is the units digit of -57768*-2*4/12?
2
Let z(m) = 9*m**2 - 22*m + 13. Let t be z(11). Suppose 8*h - 13*h + t = 0. What is the units digit of h?
2
Let q = 249 + -227. Suppose -23*x + 35 = -q*x. What is the units digit of x?
5
Suppose -38*a = -47*a + 27. Suppose 0*k = -a*k + 3759. What is the tens digit of k?
5
Let b = 121269 - 57438. What is the units digit of b?
1
Let g be (-34)/(-18) - 44/(-396). Suppose 3*y + 15*o - 10*o = 3946, -4*y + g*o = -5270. What is the thousands digit of y?
1
Let x(s) = 411*s - 22. What is the thousands digit of x(7)?
2
Suppose 4*a = -8, 2*y + 0*y + 5*a - 300 = 0. What is the units digit of y?
5
Let s = -251 + 91. Let v = s - -596. What is the tens digit of v?
3
What is the tens digit of (-2)/34 - (-13167)/153?
8
What is the hundreds digit of (5/(-4))/(-5) + (-118703)/(-52)?
2
Suppose 47*s + 6 = 53*s. What is the units digit of (s/(-7))/1 + 48716/266?
3
Suppose 3*k + 0*k = 4*x - 24331, 0 = k + 1. What is the hundreds digit of x?
0
Let w(o) = -6*o**3 - 12*o - 16. Let z be w(-2). What is the units digit of (-4)/(z/21) + (-2097)/(-6)?
8
Let u(l) = 1816*l**2 - 15*l + 110. What is the hundreds digit of u(5)?
4
Let v(i) = i**2 + 5*i - 19. Let a be v(-8). Let m be (1 + (-10)/a)*-2. Suppose -k + h + m*h + 113 = 0, -5*k + 537 = -h. What is the tens digit of k?
0
Let a(g) = g**2 - 6*g + 22. Suppose -5*r + 2*m + 37 - 2 = 0, -r + 10 = -m. What is the tens digit of a(r)?
1
Suppose d + 0*d + 6*d = 0. Let v be 280/(-1)*(-6)/4. Suppose 5*n = -d*n + v. What is the tens digit of n?
8
Suppose 10*i - 11*i = -5*w - 10, 3*i - w = 2. Suppose i = 56*z + z - 55917. What is the tens digit of z?
8
Suppose -2*q + 4*o = -5348, -109*q + 113*q - 3*o - 10681 = 0. What is the thousands digit of q?
2
Let u(i) = -i**3 + 21*i**2 - 20*i - 25. Suppose 3*p - 5*y = 85, 0 = -2*y - y - 15. Let x be u(p). What is the hundreds digit of (1*(-20)/x)/((-1)/(-135))?
1
Let t(f) = -67*f - 8. Suppose -z + 1 = 0, 0 = -5*